{"id":1265,"date":"2023-02-28T15:26:13","date_gmt":"2023-02-28T14:26:13","guid":{"rendered":"https:\/\/lamiecynophile.fr\/?page_id=1265"},"modified":"2023-02-28T15:29:16","modified_gmt":"2023-02-28T14:29:16","slug":"recette-pour-une-education-ou-reeducation-reussie","status":"publish","type":"page","link":"https:\/\/lamiecynophile.fr\/?page_id=1265","title":{"rendered":"Recette pour une \u00e9ducation ou r\u00e9\u00e9ducation r\u00e9ussie"},"content":{"rendered":"\n<p><strong>Du temps <\/strong>:<br>Premier ingr\u00e9dient, le temps accord\u00e9 \u00e0 l&rsquo;\u00e9ducation de votre chien.<br>On entend souvent sur internet \u00ab\u00a0une \u00e9ducation r\u00e9ussie avec seulement 15 min par jour\u00a0\u00bb ou<br>\u00ab\u00a01h par jour pour une \u00e9ducation r\u00e9ussie\u00a0\u00bb.<br>Sachez que quand on accueille un chiot c&rsquo;est 100% de votre temps qu&rsquo;il va falloir accorder \u00e0<br>l&rsquo;\u00e9ducation de votre chiot si vous voulez qu&rsquo;il soit propre et non destructeur rapidement par<br>exemple. En accordant 100% de votre temps sur les 2 \u00e0 3 premi\u00e8res semaines (pour peu que<br>vous ayez bien \u00e9videmment eu les conseils de bases imm\u00e9diatement) vous vous \u00e9pargnez<br>bien des mois de gal\u00e8re.<br>Pour ce \u00ab\u00a0dressage\u00a0\u00bb (assis, marche en laisse, rappel) c&rsquo;est pareil rien n&rsquo;est jamais acquis \u00e0 vie<br>vous devrez toujours faire des petits exercices pour maintenir la connaissance.<br>En ce qui concerne une r\u00e9\u00e9ducation il n\u2019y a pas de secret moins vous travaillez, plus c&rsquo;est<br>long, voir cela ne sert \u00e0 rien\u2026<br>Prenons le cas de la r\u00e9activit\u00e9 voiture par exemple, en emmenant votre chien 1h 2 fois par<br>semaine travailler vous avez un gros risque de ne pas voir de progression et d&rsquo;en \u00eatre frustr\u00e9<br>voir pire d&rsquo;aggraver le probl\u00e8me surtout si vous devez vous \u00ab\u00a0battre avec votre chien\u00a0\u00bb car<br>vous allez mettre votre chien dans une situation stressante une heure durant laquelle vous<br>allez perdre patience donc votre chien n&rsquo;en sera que plus stresser donc ha\u00efra encore plus les<br>voitures\u2026<\/p>\n\n\n\n<p><strong>Du calme et de la s\u00e9r\u00e9nit\u00e9 :<\/strong><br>L&rsquo;\u00e9motionnelle a une tr\u00e8s grosse part dans l&rsquo;\u00e9ducation ou la r\u00e9\u00e9ducation de votre chien. En<br>perdant le contr\u00f4le de vos \u00e9motions que ce soit en anxi\u00e9t\u00e9 ou en col\u00e8re vous devenez un<br>ma\u00eetre non fiable pour votre chien qui petit \u00e0 petit perdra confiance en vous. L&rsquo;amour qu&rsquo;il<br>vous porte n&rsquo;a rien \u00e0 voir l\u00e0-dedans un chien peut vous aimer aveuglement mais ne pas vous<br>faire confiance quand les choses tournent mal. Si quand votre chien r\u00e9actif cong\u00e9n\u00e8res saute<br>sur un autre chien vous entrez dans une col\u00e8re noire ou que quand vous voyez un chien au<br>loin vous stressez non seulement vous alertez votre chien sur une pr\u00e9sence \u00ab\u00a0ennemie\u00a0\u00bb mais<br>il peut \u00e9galement d\u00e9cider de \u00ab\u00a0prendre les choses en mains\u00a0\u00bb car vous n&rsquo;\u00eates pas apte \u00e0 g\u00e9rer<br>le probl\u00e8me.<br>Je dis souvent \u00e0 mes clients sur le ton de l&rsquo;humour que pour \u00e9duquer un chien il faut un<br>enc\u00e9phalogramme plat!<\/p>\n\n\n\n<p><strong>Le suivi des conseils dans son ensemble :<\/strong><br>Quand je vous donne des conseils pour l&rsquo;\u00e9ducation ou la r\u00e9\u00e9ducation il ne suffit pas de suivre<br>ceux qui vous arrange, mes conseils marchent si vous les appliquez tous ensemble! Si apr\u00e8s<br>plusieurs essais (en dur\u00e9e d&rsquo;essais ou en fr\u00e9quence que je vous aurez indiqu\u00e9) il n&rsquo;y a<br>vraiment pas de r\u00e9sultat nous essaierons autre chose, mais il faut pouvoir avoir essay\u00e9<br>suffisamment et pour \u00e7a j&rsquo;en reviens au premier point\u2026<\/p>\n\n\n\n<p><strong>\u00catre r\u00e9aliste :<\/strong><br>Et comprendre que le chien n&rsquo;est pas une machine mais un \u00eatre vivant.<br>Un chien sans aucun rappel ne va pas pouvoir apr\u00e8s seulement 3h de travail revenir \u00e0 vous<br>s&rsquo;il est en train de jouer avec des cong\u00e9n\u00e8res. Autant demander \u00e0 un enfant de CP de<br>r\u00e9soudre une \u00e9quation \u00e0 2 inconnus\u2026<br>Il y a des \u00e9tapes cela demande du temps, du travail, de l&rsquo;accompagnement vers cette<br>ma\u00eetrise de commande. Rome ne s&rsquo;est pas faite en 1 jour!<\/p>\n\n\n\n<p><strong>Conna\u00eetre vraiment votre chien :<\/strong><br>Ce qui lui fait plaisir, ce qui lui fait peur\u2026<br>Si vous partez du principe que votre chien saute sur les joggeurs car il est t\u00eatue et veux juste<br>vous emb\u00eater c&rsquo;est foutu d&rsquo;avance car vous ne comprenez pas votre chien. Les probl\u00e8mes de<br>comportement sont PRESQUE TOUJOURS dus \u00e0 un mal-\u00eatre!<br>De plus pour obtenir la coop\u00e9ration de votre chien il faut savoir vraiment ce qu&rsquo;il aime!<br>Obtenir la coop\u00e9ration d&rsquo;un chien primitif de par sa nature n&rsquo;est pas toujours aussi ais\u00e9<br>qu&rsquo;obtenir celle d&rsquo;un berger.<\/p>\n\n\n\n<p><br>Sans tous ces ingr\u00e9dients AU COMPLET peu d&rsquo;am\u00e9lioration est envisageable\u2026 mais si vous<br>parvenez \u00e0 r\u00e9unir ces ingr\u00e9dients, c&rsquo;est partie ! On se met au travail ensemble et je serais l\u00e0<br>pour vous accompagner vous et votre compagnon.<\/p>\n","protected":false},"excerpt":{"rendered":"<p>Du temps :Premier ingr\u00e9dient, le temps accord\u00e9 \u00e0 l&rsquo;\u00e9ducation de votre chien.On entend souvent sur internet \u00ab\u00a0une \u00e9ducation r\u00e9ussie avec seulement 15 min par jour\u00a0\u00bb ou\u00ab\u00a01h par jour pour une \u00e9ducation r\u00e9ussie\u00a0\u00bb.Sachez que quand on accueille un chiot c&rsquo;est 100% de votre temps qu&rsquo;il va falloir accorder \u00e0l&rsquo;\u00e9ducation de votre chiot si vous voulez qu&rsquo;il &hellip; <\/p>\n","protected":false},"author":1,"featured_media":0,"parent":0,"menu_order":0,"comment_status":"closed","ping_status":"closed","template":"","meta":{"footnotes":""},"class_list":["post-1265","page","type-page","status-publish","hentry"],"jetpack_sharing_enabled":true,"_links":{"self":[{"href":"https:\/\/lamiecynophile.fr\/index.php?rest_route=\/wp\/v2\/pages\/1265","targetHints":{"allow":["GET"]}}],"collection":[{"href":"https:\/\/lamiecynophile.fr\/index.php?rest_route=\/wp\/v2\/pages"}],"about":[{"href":"https:\/\/lamiecynophile.fr\/index.php?rest_route=\/wp\/v2\/types\/page"}],"author":[{"embeddable":true,"href":"https:\/\/lamiecynophile.fr\/index.php?rest_route=\/wp\/v2\/users\/1"}],"replies":[{"embeddable":true,"href":"https:\/\/lamiecynophile.fr\/index.php?rest_route=%2Fwp%2Fv2%2Fcomments&post=1265"}],"version-history":[{"count":3,"href":"https:\/\/lamiecynophile.fr\/index.php?rest_route=\/wp\/v2\/pages\/1265\/revisions"}],"predecessor-version":[{"id":1271,"href":"https:\/\/lamiecynophile.fr\/index.php?rest_route=\/wp\/v2\/pages\/1265\/revisions\/1271"}],"wp:attachment":[{"href":"https:\/\/lamiecynophile.fr\/index.php?rest_route=%2Fwp%2Fv2%2Fmedia&parent=1265"}],"curies":[{"name":"wp","href":"https:\/\/api.w.org\/{rel}","templated":true}]}}