{"id":726,"date":"2022-03-04T19:24:52","date_gmt":"2022-03-04T18:24:52","guid":{"rendered":"http:\/\/lamiecynophile.fr\/?page_id=726"},"modified":"2022-03-08T21:02:13","modified_gmt":"2022-03-08T20:02:13","slug":"lune-des-principales-causes-dabandon","status":"publish","type":"page","link":"https:\/\/lamiecynophile.fr\/?page_id=726","title":{"rendered":"L&rsquo;une des principales causes d&rsquo;abandon"},"content":{"rendered":"\n<p>Les st\u00e9r\u00e9otypes (j&rsquo;ai nomm\u00e9 les petites cases) sont un r\u00e9el fl\u00e9au pour le chien.<\/p>\n\n\n\n<p><br>De nombreuses races de chiens sont victimes du st\u00e9r\u00e9otype qui leur est associ\u00e9.<\/p>\n\n\n\n<p><br>Prenons d&rsquo;abord l&rsquo;exemple des races de chien dites difficiles, dangereuses, mordeuses&#8230; (American Staff, Rottweiler&#8230;). Nombreux sont les chiens de ces races qui sont \u00e9lev\u00e9s et \u00e9duqu\u00e9s \u00e0 la dur, au collier \u00e9trangleur, par des propri\u00e9taires qui pensent devoir casser leur chien pour se faire ob\u00e9ir, qui les privent de toute forme de socialisation qui entraine in\u00e9vitablement, paradoxalement \u00e0 ce qu&rsquo;ils voudraient, de l&rsquo;agressivit\u00e9 (par m\u00e9connaissance ou mauvaise association) envers les cong\u00e9n\u00e8res ou un certains types d&rsquo;humain ou l&rsquo;humain en g\u00e9n\u00e9ral.<\/p>\n\n\n\n<p><br>Ensuite les races \u00ab\u00a0super ob\u00e9issante\u00a0\u00bb et \u00ab\u00a0super intelligente\u00a0\u00bb et dans la conscience collective, n\u00e9es pour ob\u00e9ir tel le Malinois, le Berger Allemand, le Border Collie&#8230; Qui vont, soit se retrouver hyperstimul\u00e9es d\u00e8s leur arriv\u00e9e dans leur foyer \u00e0 2 mois, \u00e0 qui on n&rsquo;apprendra jamais \u00e0 se poser et qui une fois adulte deviendront ing\u00e9rables. Ou soit, \u00e0 l&rsquo;opposer, des propri\u00e9taires qui accueille une de ces races en pensant que l&rsquo;ob\u00e9issance qu&rsquo;on voit dans les reportage de police ou de l&rsquo;arm\u00e9e ou dans des comp\u00e9titions d&rsquo;ob\u00e9issance, d&rsquo;agility ou autre, est livr\u00e9e avec le chien. Spoiler alert ! C&rsquo;est faux ! &nbsp;Il n&rsquo;y a &nbsp;pas de secret , un chien de travail, d&rsquo;une lign\u00e9e de travail va \u00eatre demandeur de travail. Ne cherchez pas \u00e0 prendre un Border Collie ayant des parents bergers travaillant tous les jours pour en faire un chien de canap\u00e9, ne prenez pas un Malinois de travail pour que sa seul activit\u00e9 soit une heure de balade quotidienne en pensant qu&rsquo;il se comportera comme celui que vous avez vu \u00e0 la t\u00e9l\u00e9, cela ne fonctionnera pas !<\/p>\n\n\n\n<p><br>Ensuite les races dites \u00ab\u00a0de famille\u00a0\u00bb, je pense principalement aux labrador, le Golden Retriever qui sont adopt\u00e9s pour faire plaisir aux enfants et parce qu&rsquo;ils ont la r\u00e9putation d&rsquo;\u00eatre doux et patient, alors on laisse les enfants les emb\u00eater, on met m\u00eame le petit dernier sur son dos. le chien enverra des centaines de signaux d&rsquo;apaisement qui en seront pas vu, puis il finira par grogner et l\u00e0 il se fera gronder car \u00ab\u00a0NON ! Toi tu es une peluche, toi &nbsp;tu dois te laisser faire sans jamais rien dire !\u00a0\u00bb et qui finira alors par mordre le petit dernier sans pr\u00e9venir. Ou alors on ne lui accorde pas beaucoup de temps car il y a le boulot, les enfants, la maison \u00e0 s&rsquo;occuper et le chien ne demande pas beaucoup d&rsquo;activit\u00e9 (alors que bien souvent ils en ont demand\u00e9 mais ils ont fini pas se r\u00e9signer \u00e0 une vie d&rsquo;ennui et d&rsquo;acceptation).<\/p>\n\n\n\n<p><br>Les chiens dits \u00ab\u00a0primitifs\u00a0\u00bb parce qu&rsquo;ils ont peu \u00e9t\u00e9 s\u00e9lectionn\u00e9s qu&rsquo;ils sont des instincts plus accentu\u00e9s que d&rsquo;autres chiens alors on les dits tous fugueurs, n&rsquo;ayant aucun rappel, ayant des difficult\u00e9s \u00e0 s&rsquo;entendre avec leurs cong\u00e9n\u00e8res du m\u00eame sexe alors on ne les l\u00e2che jamais et encore moins avec des copains&#8230;<\/p>\n\n\n\n<p><br>Et pour finir les petits chiens du groupe 9 dont le nom parle de lui m\u00eame, les chiens \u00ab\u00a0d&rsquo;ornements\u00a0\u00bb, qu&rsquo;on prend pour notre unique compagnie comme on prendrait une plante, \u00e0 qui on ne donne aucune \u00e9ducation parce qu&rsquo;il est petit et ne peut pas faire de d\u00e9g\u00e2t, qu&rsquo;on ne prend m\u00eame pas la peine de promener et de lui faire rencontrer des copains n&rsquo;en parlons pas&#8230;. Ces chiens finissent souvent par devenir associable envers leurs cong\u00e9n\u00e8res, d\u00e9veloppent des st\u00e9r\u00e9otypies, de l&rsquo;ob\u00e9sit\u00e9 \u00e0 cause du manque d&rsquo;activit\u00e9 mais dont on rigole.<\/p>\n\n\n\n<p><br>Avant d&rsquo;adopter un chien, renseignez-vous sur la race, quelle qu&rsquo;elle soit, sur ces besoins, sur l&rsquo;\u00e9ducation \u00e0 lui apporter. On adopte un chien pour notre plaisir \u00e0 nous alors t\u00e2chons au moins de le rendre le plus heureux possible pour ses 8 \u00e0 15 ans de vie avec nous. <\/p>\n\n\n\n<p><em>\u00ab\u00a0\u00a0 Tu deviens responsable pour toujours de ce que tu as apprivois\u00e9\u00a0\u00bb Antoine de St Exup\u00e9ry.<\/em><\/p>\n\n\n\n<p><\/p>\n\n\n\n<p>\u00a9 Copyright 2022 L&rsquo;amie cynophile<\/p>\n","protected":false},"excerpt":{"rendered":"<p>Les st\u00e9r\u00e9otypes (j&rsquo;ai nomm\u00e9 les petites cases) sont un r\u00e9el fl\u00e9au pour le chien. De nombreuses races de chiens sont victimes du st\u00e9r\u00e9otype qui leur est associ\u00e9. Prenons d&rsquo;abord l&rsquo;exemple des races de chien dites difficiles, dangereuses, mordeuses&#8230; (American Staff, Rottweiler&#8230;). Nombreux sont les chiens de ces races qui sont \u00e9lev\u00e9s et \u00e9duqu\u00e9s \u00e0 la &hellip; <\/p>\n","protected":false},"author":1,"featured_media":0,"parent":0,"menu_order":0,"comment_status":"closed","ping_status":"closed","template":"","meta":{"footnotes":""},"class_list":["post-726","page","type-page","status-publish","hentry"],"jetpack_sharing_enabled":true,"_links":{"self":[{"href":"https:\/\/lamiecynophile.fr\/index.php?rest_route=\/wp\/v2\/pages\/726","targetHints":{"allow":["GET"]}}],"collection":[{"href":"https:\/\/lamiecynophile.fr\/index.php?rest_route=\/wp\/v2\/pages"}],"about":[{"href":"https:\/\/lamiecynophile.fr\/index.php?rest_route=\/wp\/v2\/types\/page"}],"author":[{"embeddable":true,"href":"https:\/\/lamiecynophile.fr\/index.php?rest_route=\/wp\/v2\/users\/1"}],"replies":[{"embeddable":true,"href":"https:\/\/lamiecynophile.fr\/index.php?rest_route=%2Fwp%2Fv2%2Fcomments&post=726"}],"version-history":[{"count":5,"href":"https:\/\/lamiecynophile.fr\/index.php?rest_route=\/wp\/v2\/pages\/726\/revisions"}],"predecessor-version":[{"id":758,"href":"https:\/\/lamiecynophile.fr\/index.php?rest_route=\/wp\/v2\/pages\/726\/revisions\/758"}],"wp:attachment":[{"href":"https:\/\/lamiecynophile.fr\/index.php?rest_route=%2Fwp%2Fv2%2Fmedia&parent=726"}],"curies":[{"name":"wp","href":"https:\/\/api.w.org\/{rel}","templated":true}]}}