{"id":803,"date":"2022-04-23T13:57:34","date_gmt":"2022-04-23T11:57:34","guid":{"rendered":"http:\/\/lamiecynophile.fr\/?page_id=803"},"modified":"2022-06-05T21:37:25","modified_gmt":"2022-06-05T19:37:25","slug":"peut-on-caresser-un-chien-qui-nest-pas-a-nous","status":"publish","type":"page","link":"https:\/\/lamiecynophile.fr\/?page_id=803","title":{"rendered":"Peut-on caresser un chien qui n&rsquo;est pas \u00e0 nous ?"},"content":{"rendered":"<div class=\"wp-block-image\">\n<figure class=\"aligncenter size-large\"><img loading=\"lazy\" decoding=\"async\" width=\"292\" height=\"307\" src=\"https:\/\/lamiecynophile.fr\/wp-content\/uploads\/2022\/04\/Sans-titre.png\" alt=\"\" class=\"wp-image-807\" srcset=\"https:\/\/lamiecynophile.fr\/wp-content\/uploads\/2022\/04\/Sans-titre.png 292w, https:\/\/lamiecynophile.fr\/wp-content\/uploads\/2022\/04\/Sans-titre-285x300.png 285w, https:\/\/lamiecynophile.fr\/wp-content\/uploads\/2022\/04\/Sans-titre-57x60.png 57w\" sizes=\"auto, (max-width: 292px) 100vw, 292px\" \/><\/figure><\/div>\n\n\n<p>Peut-on caresser un chien qui n&rsquo;est pas \u00e0 soi ?<\/p>\n\n\n\n<p>La r\u00e9ponse est NON, jamais ! <\/p>\n\n\n\n<p>Je m&rsquo;explique de nombreux chiens sont un peureux ou peu tol\u00e9rant aux contacts d&rsquo;\u00e9trangers, ces chiens-l\u00e0 n&rsquo;auront pas forc\u00e9ment de r\u00e9action au contact. Cependant au fur et \u00e0 mesure des contacts r\u00e9p\u00e9t\u00e9s et ressenties comme d\u00e9sagr\u00e9ables par le chien, les r\u00e9actions s&rsquo;intensifient jusqu&rsquo;\u00e0 montrer de r\u00e9els signes de peur ou d&rsquo;irritabilit\u00e9 voir d&rsquo;agressivit\u00e9. <\/p>\n\n\n\n<p>Les chiens sont des \u00eatres vivants, ils ont le droit au consentement tout comme l&rsquo;humain ! <\/p>\n\n\n\n<p>Alors \u00e9videmment, nous propri\u00e9taires nous avons un r\u00f4le tr\u00e8s important dans ce qui concerne l&rsquo;\u00e9ducation du chien et son seuil de tol\u00e9rance aux contacts des humains pour ne pas arracher le bras d&rsquo;un passant non averti et irrespectueux. <\/p>\n\n\n\n<p>Mais alors comment se comporter ?<\/p>\n\n\n\n<p>Vous croisez un chien, aussi mignon soit-il, ne le touchez pas, gardez vos mains \u00ab\u00a0dans vos poches\u00a0\u00bb.\u00a0\u00bb Et si je demande l&rsquo;autorisation ?\u00a0\u00bb Alors \u00e9videmment c&rsquo;est OBLIGATOIRE, demandez toujours au propri\u00e9taire avant d&rsquo;amorcer le moindre contact avec le chien, cela vous \u00e9vitera de perdre une main ET M\u00caME SI C&rsquo;EST UN CHIOT TROP MIGNON ! ! ! D\u00e9j\u00e0 parce que le propri\u00e9taire vous r\u00e9pondra peut-\u00eatre \u00ab\u00a0Non, il n&rsquo;aime pas trop les caresses des \u00e9trangers\u00a0\u00bb \u00ab\u00a0Non, il pourrait vous mordre\u00a0\u00bb \u00ab\u00a0Non, on est en \u00e9ducation pour les mordillements, les sauts etc&#8230;\u00a0\u00bb \u00ab\u00a0Non, il a la galle (maladie de peau transmissible \u00e0 l&rsquo;homme, ou une autre zoonose)\u00a0\u00bb.<\/p>\n\n\n\n<p>Prenez bien conscience que cette d\u00e9cision irr\u00e9fl\u00e9chie qu&rsquo;est celle de caresser le chien sans demander au propri\u00e9taire conduit encore trop souvent \u00e0 l&rsquo;euthanasie du chien qui pourrait vous mordre.<\/p>\n\n\n\n<p>Une fois l&rsquo;autorisation donn\u00e9e par le propri\u00e9taire, et parce qu&rsquo;il arrive que des propri\u00e9taires ne connaissent pas suffisamment bien leur chien ou que le chien peut tr\u00e8s bien ne pas \u00eatre d&rsquo;humeur ou effray\u00e9 ou inconfortable dans la situation, l&rsquo;environnement dans lesquels il se trouve sur le moment, un test de consentement existe.<\/p>\n\n\n\n<p>Le test de consentement : D&rsquo;abord pr\u00e9sent\u00e9 votre main au chien, s&rsquo;il s&rsquo;\u00e9loigne ou d\u00e9tourne la t\u00eate c&rsquo;est qu&rsquo;il ne veut pas \u00eatre caress\u00e9. <br>Caresser le chien sur le c\u00f4t\u00e9 du cou ou les flancs pendant 3 secondes puis retirer votre main et observer la r\u00e9action du chien.<br>S&rsquo;il s&rsquo;\u00e9loigne ou reste immobile, ne renouvelez pas le contact, il ne l&rsquo;a PAS appr\u00e9ci\u00e9 !S&rsquo;il se r\u00e9avance vers vous, votre main, vous regarde en remuant la queue, il en redemande <img loading=\"lazy\" decoding=\"async\" height=\"16\" width=\"16\" alt=\"\ud83d\ude03\" src=\"https:\/\/static.xx.fbcdn.net\/images\/emoji.php\/v9\/taa\/1.5\/16\/1f603.png\">Au cours de votre moment c\u00e2lin avec ce chien faite des pauses tr\u00e8s r\u00e9guli\u00e8res pour tester s&rsquo;il est toujours consentant pour ce contact.<\/p>\n\n\n\n<p>De nombreux chiens d\u00e9veloppent des troubles du comportement \u00e0 cause de contacts non consenties r\u00e9p\u00e9t\u00e9s, alors partagez ce post en masse pour que tout le monde prenne conscience que leur simple caresse (tout aussi bienveillante que puisse \u00eatre la personne) peut avoir de lourdes cons\u00e9quences pour le chien et son propri\u00e9taire.<\/p>\n\n\n\n<p>\u00a9 Copyright 2022 L\u2019amie cynophile<\/p>\n","protected":false},"excerpt":{"rendered":"<p>Peut-on caresser un chien qui n&rsquo;est pas \u00e0 soi ? La r\u00e9ponse est NON, jamais ! Je m&rsquo;explique de nombreux chiens sont un peureux ou peu tol\u00e9rant aux contacts d&rsquo;\u00e9trangers, ces chiens-l\u00e0 n&rsquo;auront pas forc\u00e9ment de r\u00e9action au contact. Cependant au fur et \u00e0 mesure des contacts r\u00e9p\u00e9t\u00e9s et ressenties comme d\u00e9sagr\u00e9ables par le chien, &hellip; <\/p>\n","protected":false},"author":1,"featured_media":0,"parent":0,"menu_order":0,"comment_status":"closed","ping_status":"closed","template":"","meta":{"footnotes":""},"class_list":["post-803","page","type-page","status-publish","hentry"],"jetpack_sharing_enabled":true,"_links":{"self":[{"href":"https:\/\/lamiecynophile.fr\/index.php?rest_route=\/wp\/v2\/pages\/803","targetHints":{"allow":["GET"]}}],"collection":[{"href":"https:\/\/lamiecynophile.fr\/index.php?rest_route=\/wp\/v2\/pages"}],"about":[{"href":"https:\/\/lamiecynophile.fr\/index.php?rest_route=\/wp\/v2\/types\/page"}],"author":[{"embeddable":true,"href":"https:\/\/lamiecynophile.fr\/index.php?rest_route=\/wp\/v2\/users\/1"}],"replies":[{"embeddable":true,"href":"https:\/\/lamiecynophile.fr\/index.php?rest_route=%2Fwp%2Fv2%2Fcomments&post=803"}],"version-history":[{"count":4,"href":"https:\/\/lamiecynophile.fr\/index.php?rest_route=\/wp\/v2\/pages\/803\/revisions"}],"predecessor-version":[{"id":899,"href":"https:\/\/lamiecynophile.fr\/index.php?rest_route=\/wp\/v2\/pages\/803\/revisions\/899"}],"wp:attachment":[{"href":"https:\/\/lamiecynophile.fr\/index.php?rest_route=%2Fwp%2Fv2%2Fmedia&parent=803"}],"curies":[{"name":"wp","href":"https:\/\/api.w.org\/{rel}","templated":true}]}}