{"id":9,"date":"2020-08-20T09:10:40","date_gmt":"2020-08-20T07:10:40","guid":{"rendered":"http:\/\/lamiecynophile.fr\/?page_id=9"},"modified":"2025-07-06T11:58:14","modified_gmt":"2025-07-06T09:58:14","slug":"accueil","status":"publish","type":"page","link":"https:\/\/lamiecynophile.fr\/","title":{"rendered":"L&rsquo;amie Cynophile \u00e9ducateur &#8211; comportementalise canin et sports canins \u00e0 Angers et dans le Maine et Loire (49)"},"content":{"rendered":"<div class=\"wp-block-image\">\n<figure class=\"aligncenter size-full is-resized\"><img loading=\"lazy\" decoding=\"async\" width=\"1024\" height=\"512\" src=\"https:\/\/lamiecynophile.fr\/wp-content\/uploads\/2025\/07\/image.png\" alt=\"\" class=\"wp-image-2535\" style=\"width:508px;height:auto\" srcset=\"https:\/\/lamiecynophile.fr\/wp-content\/uploads\/2025\/07\/image.png 1024w, https:\/\/lamiecynophile.fr\/wp-content\/uploads\/2025\/07\/image-300x150.png 300w, https:\/\/lamiecynophile.fr\/wp-content\/uploads\/2025\/07\/image-768x384.png 768w, https:\/\/lamiecynophile.fr\/wp-content\/uploads\/2025\/07\/image-600x300.png 600w\" sizes=\"auto, (max-width: 1024px) 100vw, 1024px\" \/><\/figure><\/div>\n\n\n<p><\/p>\n\n\n\n<h2 class=\"wp-block-heading has-text-align-center\"><mark style=\"background-color:#ffffff\" class=\"has-inline-color has-light-green-cyan-color\">\u00ab\u00a0<em>Bougez, apprenez, progressez ensemble : l&rsquo;\u00e9ducation et le sport canin pour une relation harmonieuse<\/em>\u00ab\u00a0<\/mark><\/h2>\n\n\n\n<p class=\"has-text-align-center\">&#8211;<\/p>\n\n\n\n<p class=\"has-text-align-center\">L&rsquo;amie cynophile, <strong>\u00e9ducateur-comportementaliste <\/strong>canin et coach en<strong> sport canin<\/strong>. <\/p>\n\n\n\n<p class=\"has-text-align-center\">L&rsquo;\u00e9ducatrice canin qui comprend votre chien !<\/p>\n\n\n<div class=\"wp-block-image\">\n<figure class=\"aligncenter size-large is-resized\"><img loading=\"lazy\" decoding=\"async\" width=\"683\" height=\"1024\" src=\"https:\/\/lamiecynophile.fr\/wp-content\/uploads\/2025\/07\/DSC_0204-1-683x1024.jpg\" alt=\"\" class=\"wp-image-2379\" style=\"width:317px;height:auto\" srcset=\"https:\/\/lamiecynophile.fr\/wp-content\/uploads\/2025\/07\/DSC_0204-1-683x1024.jpg 683w, https:\/\/lamiecynophile.fr\/wp-content\/uploads\/2025\/07\/DSC_0204-1-200x300.jpg 200w, https:\/\/lamiecynophile.fr\/wp-content\/uploads\/2025\/07\/DSC_0204-1-768x1152.jpg 768w, https:\/\/lamiecynophile.fr\/wp-content\/uploads\/2025\/07\/DSC_0204-1-1024x1536.jpg 1024w, https:\/\/lamiecynophile.fr\/wp-content\/uploads\/2025\/07\/DSC_0204-1-1365x2048.jpg 1365w, https:\/\/lamiecynophile.fr\/wp-content\/uploads\/2025\/07\/DSC_0204-1-600x900.jpg 600w, https:\/\/lamiecynophile.fr\/wp-content\/uploads\/2025\/07\/DSC_0204-1-scaled.jpg 1707w\" sizes=\"auto, (max-width: 683px) 100vw, 683px\" \/><\/figure><\/div>\n\n\n<div style=\"height:100px\" aria-hidden=\"true\" class=\"wp-block-spacer\"><\/div>\n\n\n\n<p class=\"has-text-align-center\"><strong>Educatrice<\/strong> \u00e0 domicile, en ext\u00e9rieur ou sur terrain <a href=\"https:\/\/lamiecynophile.fr\/?page_id=1361\">(au Centre d&rsquo;\u00e9ducation et de Sports Canin de l&rsquo;Amie Cynophile)<\/a>, je me d\u00e9place sur <strong>Angers<\/strong> et dans tout le <strong>Maine et Loire (49) <\/strong>pour vous accompagner dans l&rsquo;<strong>\u00e9ducation<\/strong>, la <strong>r\u00e9\u00e9ducation<\/strong> des <strong>troubles du comportement<\/strong>, Sports canins (<strong>agility<\/strong>, <strong>hoopers<\/strong>), <strong>Attestation d&rsquo;Aptitude \u00e0 la D\u00e9tention d&rsquo;un Chien Cat\u00e9goris\u00e9<\/strong>, cynophobie&#8230;<\/p>\n\n\n\n<p class=\"has-text-align-center\">Votre chiot <strong>mordille<\/strong> ? Votre chien <strong>d\u00e9truit<\/strong> votre mobilier ? Vos voisins se plaignent de ses <strong>aboiements<\/strong> intempestifs ? Votre chien est <strong>agressif <\/strong>avec ses<strong> cong\u00e9n\u00e8res<\/strong> ou les <strong>humains<\/strong> ? Il a des probl\u00e8mes d&rsquo;<strong>hyperattachement <\/strong>ou de <strong>solitude <\/strong>et ne sait pas rester seul ? Il a <strong>peur <\/strong>de tout ou a une <strong>phobie<\/strong> en particulier ?<br>Ou encore vous avez envie de passer du bon temps avec lui autour d&rsquo;une activit\u00e9 comme l<strong>&lsquo;agility<\/strong> et le <strong>hoopers<\/strong> ?<br>L&rsquo;amie Cynophile est l&rsquo;\u00e9ducatrice qu&rsquo;il vous faut !<\/p>\n\n\n\n<div style=\"height:100px\" aria-hidden=\"true\" class=\"wp-block-spacer\"><\/div>\n\n\n\n<p class=\"has-text-align-center\"><\/p>\n\n\n\n<h1 class=\"wp-block-heading has-text-align-center\"><mark style=\"background-color:rgba(0, 0, 0, 0);color:#fb9292\" class=\"has-inline-color\">Services<\/mark><\/h1>\n\n\n\n<div class=\"wp-block-media-text is-stacked-on-mobile\" style=\"grid-template-columns:41% auto\"><figure class=\"wp-block-media-text__media\"><img loading=\"lazy\" decoding=\"async\" width=\"436\" height=\"683\" src=\"https:\/\/lamiecynophile.fr\/wp-content\/uploads\/2025\/07\/DSC_0210-1024x683-1.jpg\" alt=\"\" class=\"wp-image-2620 size-full\" srcset=\"https:\/\/lamiecynophile.fr\/wp-content\/uploads\/2025\/07\/DSC_0210-1024x683-1.jpg 436w, https:\/\/lamiecynophile.fr\/wp-content\/uploads\/2025\/07\/DSC_0210-1024x683-1-192x300.jpg 192w\" sizes=\"auto, (max-width: 436px) 100vw, 436px\" \/><\/figure><div class=\"wp-block-media-text__content\">\n<ul class=\"wp-block-list\">\n<li><a href=\"https:\/\/lamiecynophile.fr\/?page_id=2463\" data-type=\"page\" data-id=\"2463\"><strong><mark style=\"background-color:rgba(0, 0, 0, 0)\" class=\"has-inline-color has-light-green-cyan-color\">Education canine<\/mark><\/strong><\/a><\/li>\n\n\n\n<li><a href=\"https:\/\/lamiecynophile.fr\/?page_id=2469\" data-type=\"page\" data-id=\"2469\"><strong><mark style=\"background-color:rgba(0, 0, 0, 0);color:#ff9c9c\" class=\"has-inline-color\">R\u00e9\u00e9ducation de troubles du comportement (ou comportements g\u00eanants)<\/mark><\/strong><\/a><\/li>\n\n\n\n<li><a href=\"https:\/\/lamiecynophile.fr\/?page_id=2492\" data-type=\"page\" data-id=\"2492\"><strong><mark style=\"background-color:rgba(0, 0, 0, 0)\" class=\"has-inline-color has-light-green-cyan-color\">Sport canin : Agility, Hoopers<\/mark><\/strong><\/a><\/li>\n\n\n\n<li><a href=\"https:\/\/lamiecynophile.fr\/?page_id=2479\" data-type=\"page\" data-id=\"2479\"><strong><mark style=\"background-color:rgba(0, 0, 0, 0);color:#f69292\" class=\"has-inline-color\">Attestation d&rsquo;aptitude \u00e0 la d\u00e9tention d&rsquo;un chien cat\u00e9goris\u00e9<\/mark><\/strong><\/a><\/li>\n\n\n\n<li><a href=\"https:\/\/lamiecynophile.fr\/?page_id=2486\" data-type=\"page\" data-id=\"2486\"><strong><mark style=\"background-color:rgba(0, 0, 0, 0)\" class=\"has-inline-color has-light-green-cyan-color\">Autres services<\/mark><\/strong><\/a><\/li>\n<\/ul>\n<\/div><\/div>\n\n\n\n<div style=\"height:100px\" aria-hidden=\"true\" class=\"wp-block-spacer\"><\/div>\n\n\n\n<h1 class=\"wp-block-heading has-text-align-center\"><strong><mark style=\"background-color:rgba(0, 0, 0, 0);color:#ffa4a4\" class=\"has-inline-color\">Ma m\u00e9thode<\/mark><\/strong><\/h1>\n\n\n\n<p>Ma conception de l<strong>\u2019\u00e9ducation canine<\/strong> est de d\u00e9marrer par votre chien et non une m\u00e9thode en particulier. J&rsquo;observe votre chien, je \u00ab\u00a0l&rsquo;\u00e9coute\u00a0\u00bb; je vous \u00e9coute vous \u00e9galement, vos besoins, vos envies, votre rythme de vie et vos attentes. Mon r\u00f4le de faire co\u00efncider tout cela. <\/p>\n\n\n\n<p>Gr\u00e2ce \u00e0 une <strong>\u00e9ducation bienveillante<\/strong>, nous cr\u00e9ons une vraie <strong>relation<\/strong> avec le chien dans le respect mutuel et surtout dans le respect des <strong>besoins<\/strong> de votre chien, pour lui apprendre \u00e0 vivre dans notre soci\u00e9t\u00e9. Je vous donne les clefs pour comprendre votre chien et vous faire comprendre de lui et ses codes afin de r\u00e9tablir l\u2019<strong>harmonie<\/strong> dans votre foyer.  Nous prendrons le temps d\u2019<strong>\u00e9duquer<\/strong> ou de <strong>r\u00e9\u00e9duquer<\/strong> votre chien correctement et surtout en respectant le fait qu\u2019il soit un chien et qu\u2019il ait des besoins et des fonctionnements diff\u00e9rents des n\u00f4tres. Chaque chien est unique, il a sa propre personnalit\u00e9, son propre pass\u00e9 et v\u00e9cu. Mon approche s\u2019adapte donc \u00e0 chaque chien pour \u00eatre le plus <strong>coh\u00e9rent<\/strong> possible pour lui.<\/p>\n\n\n\n<p>En <strong>agility<\/strong> et en <strong>Hoopers<\/strong> les mots d&rsquo;ordre c&rsquo;est Fun avant tout ! Et oui car avant de chercher \u00e0 faire de votre chien un champion il faut qu&rsquo;il s&rsquo;amuse, et encore mieux, que le bin\u00f4me s&rsquo;amuse.<\/p>\n\n\n\n<figure class=\"wp-block-gallery has-nested-images columns-default is-cropped wp-block-gallery-1 is-layout-flex wp-block-gallery-is-layout-flex\">\n<figure class=\"wp-block-image size-large\"><img loading=\"lazy\" decoding=\"async\" width=\"1024\" height=\"683\" data-id=\"2376\" src=\"https:\/\/lamiecynophile.fr\/wp-content\/uploads\/2025\/07\/DSC_0293-1024x683.jpg\" alt=\"\" class=\"wp-image-2376\" srcset=\"https:\/\/lamiecynophile.fr\/wp-content\/uploads\/2025\/07\/DSC_0293-1024x683.jpg 1024w, https:\/\/lamiecynophile.fr\/wp-content\/uploads\/2025\/07\/DSC_0293-300x200.jpg 300w, https:\/\/lamiecynophile.fr\/wp-content\/uploads\/2025\/07\/DSC_0293-768x512.jpg 768w, https:\/\/lamiecynophile.fr\/wp-content\/uploads\/2025\/07\/DSC_0293-1536x1024.jpg 1536w, https:\/\/lamiecynophile.fr\/wp-content\/uploads\/2025\/07\/DSC_0293-2048x1365.jpg 2048w, https:\/\/lamiecynophile.fr\/wp-content\/uploads\/2025\/07\/DSC_0293-600x400.jpg 600w\" sizes=\"auto, (max-width: 1024px) 100vw, 1024px\" \/><\/figure>\n\n\n\n<figure class=\"wp-block-image size-large\"><img loading=\"lazy\" decoding=\"async\" width=\"671\" height=\"1024\" data-id=\"1132\" src=\"https:\/\/lamiecynophile.fr\/wp-content\/uploads\/2022\/12\/IMG_5822-671x1024.jpg\" alt=\"\" class=\"wp-image-1132\" srcset=\"https:\/\/lamiecynophile.fr\/wp-content\/uploads\/2022\/12\/IMG_5822-671x1024.jpg 671w, https:\/\/lamiecynophile.fr\/wp-content\/uploads\/2022\/12\/IMG_5822-196x300.jpg 196w, https:\/\/lamiecynophile.fr\/wp-content\/uploads\/2022\/12\/IMG_5822-768x1173.jpg 768w, https:\/\/lamiecynophile.fr\/wp-content\/uploads\/2022\/12\/IMG_5822-1006x1536.jpg 1006w, https:\/\/lamiecynophile.fr\/wp-content\/uploads\/2022\/12\/IMG_5822-39x60.jpg 39w, https:\/\/lamiecynophile.fr\/wp-content\/uploads\/2022\/12\/IMG_5822-600x916.jpg 600w, https:\/\/lamiecynophile.fr\/wp-content\/uploads\/2022\/12\/IMG_5822.jpg 1030w\" sizes=\"auto, (max-width: 671px) 100vw, 671px\" \/><\/figure>\n\n\n\n<figure class=\"wp-block-image size-large\"><img loading=\"lazy\" decoding=\"async\" width=\"715\" height=\"960\" data-id=\"883\" src=\"https:\/\/lamiecynophile.fr\/wp-content\/uploads\/2022\/06\/285875733_486963609869204_3854514286399728603_n.jpg\" alt=\"\" class=\"wp-image-883\" srcset=\"https:\/\/lamiecynophile.fr\/wp-content\/uploads\/2022\/06\/285875733_486963609869204_3854514286399728603_n.jpg 715w, https:\/\/lamiecynophile.fr\/wp-content\/uploads\/2022\/06\/285875733_486963609869204_3854514286399728603_n-600x806.jpg 600w, https:\/\/lamiecynophile.fr\/wp-content\/uploads\/2022\/06\/285875733_486963609869204_3854514286399728603_n-223x300.jpg 223w, https:\/\/lamiecynophile.fr\/wp-content\/uploads\/2022\/06\/285875733_486963609869204_3854514286399728603_n-45x60.jpg 45w\" sizes=\"auto, (max-width: 715px) 100vw, 715px\" \/><\/figure>\n<\/figure>\n\n\n\n<div style=\"height:100px\" aria-hidden=\"true\" class=\"wp-block-spacer\"><\/div>\n\n\n\n<h2 class=\"wp-block-heading has-text-align-center\"><mark style=\"background-color:rgba(0, 0, 0, 0);color:#ff9494\" class=\"has-inline-color\">07 88 52 39 29 <\/mark><\/h2>\n\n\n\n<div style=\"height:100px\" aria-hidden=\"true\" class=\"wp-block-spacer\"><\/div>\n\n\n\n<ul class=\"wp-block-social-links aligncenter has-huge-icon-size is-content-justification-center is-layout-flex wp-container-core-social-links-is-layout-16018d1d wp-block-social-links-is-layout-flex\"><li class=\"wp-social-link wp-social-link-mail  wp-block-social-link\"><a href=\"mailto:lam&#105;&#101;&#099;yn&#111;ph&#105;le&#064;&#103;m&#097;i&#108;.co&#109;\" class=\"wp-block-social-link-anchor\"><svg width=\"24\" height=\"24\" viewBox=\"0 0 24 24\" version=\"1.1\" xmlns=\"http:\/\/www.w3.org\/2000\/svg\" aria-hidden=\"true\" focusable=\"false\"><path d=\"M19,5H5c-1.1,0-2,.9-2,2v10c0,1.1.9,2,2,2h14c1.1,0,2-.9,2-2V7c0-1.1-.9-2-2-2zm.5,12c0,.3-.2.5-.5.5H5c-.3,0-.5-.2-.5-.5V9.8l7.5,5.6,7.5-5.6V17zm0-9.1L12,13.6,4.5,7.9V7c0-.3.2-.5.5-.5h14c.3,0,.5.2.5.5v.9z\"><\/path><\/svg><span class=\"wp-block-social-link-label screen-reader-text\">Mail<\/span><\/a><\/li>\n\n<li class=\"wp-social-link wp-social-link-google  wp-block-social-link\"><a href=\"https:\/\/www.google.com\/search?sca_esv=8fbed3d98457040e&#038;hl=fr&#038;gl=fr&#038;output=search&#038;kgmid=\/g\/11m2w25sgw&#038;q=L%27amie+cynophile+-+Comportementaliste+et+%C3%A9ducateur+canin+sur+Angers+Maine+et+Loire&#038;shndl=30&#038;shem=lcuae,uaasie&#038;source=sh\/x\/loc\/uni\/m1\/1&#038;kgs=422d50a3c72e8114\" class=\"wp-block-social-link-anchor\"><svg width=\"24\" height=\"24\" viewBox=\"0 0 24 24\" version=\"1.1\" xmlns=\"http:\/\/www.w3.org\/2000\/svg\" aria-hidden=\"true\" focusable=\"false\"><path d=\"M12.02,10.18v3.72v0.01h5.51c-0.26,1.57-1.67,4.22-5.5,4.22c-3.31,0-6.01-2.75-6.01-6.12s2.7-6.12,6.01-6.12 c1.87,0,3.13,0.8,3.85,1.48l2.84-2.76C16.99,2.99,14.73,2,12.03,2c-5.52,0-10,4.48-10,10s4.48,10,10,10c5.77,0,9.6-4.06,9.6-9.77 c0-0.83-0.11-1.42-0.25-2.05H12.02z\"><\/path><\/svg><span class=\"wp-block-social-link-label screen-reader-text\">Google<\/span><\/a><\/li>\n\n<li class=\"wp-social-link wp-social-link-facebook  wp-block-social-link\"><a href=\"https:\/\/www.facebook.com\/Lamiecynophile\" class=\"wp-block-social-link-anchor\"><svg width=\"24\" height=\"24\" viewBox=\"0 0 24 24\" version=\"1.1\" xmlns=\"http:\/\/www.w3.org\/2000\/svg\" aria-hidden=\"true\" focusable=\"false\"><path d=\"M12 2C6.5 2 2 6.5 2 12c0 5 3.7 9.1 8.4 9.9v-7H7.9V12h2.5V9.8c0-2.5 1.5-3.9 3.8-3.9 1.1 0 2.2.2 2.2.2v2.5h-1.3c-1.2 0-1.6.8-1.6 1.6V12h2.8l-.4 2.9h-2.3v7C18.3 21.1 22 17 22 12c0-5.5-4.5-10-10-10z\"><\/path><\/svg><span class=\"wp-block-social-link-label screen-reader-text\">Facebook<\/span><\/a><\/li>\n\n<li class=\"wp-social-link wp-social-link-instagram  wp-block-social-link\"><a href=\"https:\/\/www.instagram.com\/lamiecynophile\/\" class=\"wp-block-social-link-anchor\"><svg width=\"24\" height=\"24\" viewBox=\"0 0 24 24\" version=\"1.1\" xmlns=\"http:\/\/www.w3.org\/2000\/svg\" aria-hidden=\"true\" focusable=\"false\"><path d=\"M12,4.622c2.403,0,2.688,0.009,3.637,0.052c0.877,0.04,1.354,0.187,1.671,0.31c0.42,0.163,0.72,0.358,1.035,0.673 c0.315,0.315,0.51,0.615,0.673,1.035c0.123,0.317,0.27,0.794,0.31,1.671c0.043,0.949,0.052,1.234,0.052,3.637 s-0.009,2.688-0.052,3.637c-0.04,0.877-0.187,1.354-0.31,1.671c-0.163,0.42-0.358,0.72-0.673,1.035 c-0.315,0.315-0.615,0.51-1.035,0.673c-0.317,0.123-0.794,0.27-1.671,0.31c-0.949,0.043-1.233,0.052-3.637,0.052 s-2.688-0.009-3.637-0.052c-0.877-0.04-1.354-0.187-1.671-0.31c-0.42-0.163-0.72-0.358-1.035-0.673 c-0.315-0.315-0.51-0.615-0.673-1.035c-0.123-0.317-0.27-0.794-0.31-1.671C4.631,14.688,4.622,14.403,4.622,12 s0.009-2.688,0.052-3.637c0.04-0.877,0.187-1.354,0.31-1.671c0.163-0.42,0.358-0.72,0.673-1.035 c0.315-0.315,0.615-0.51,1.035-0.673c0.317-0.123,0.794-0.27,1.671-0.31C9.312,4.631,9.597,4.622,12,4.622 M12,3 C9.556,3,9.249,3.01,8.289,3.054C7.331,3.098,6.677,3.25,6.105,3.472C5.513,3.702,5.011,4.01,4.511,4.511 c-0.5,0.5-0.808,1.002-1.038,1.594C3.25,6.677,3.098,7.331,3.054,8.289C3.01,9.249,3,9.556,3,12c0,2.444,0.01,2.751,0.054,3.711 c0.044,0.958,0.196,1.612,0.418,2.185c0.23,0.592,0.538,1.094,1.038,1.594c0.5,0.5,1.002,0.808,1.594,1.038 c0.572,0.222,1.227,0.375,2.185,0.418C9.249,20.99,9.556,21,12,21s2.751-0.01,3.711-0.054c0.958-0.044,1.612-0.196,2.185-0.418 c0.592-0.23,1.094-0.538,1.594-1.038c0.5-0.5,0.808-1.002,1.038-1.594c0.222-0.572,0.375-1.227,0.418-2.185 C20.99,14.751,21,14.444,21,12s-0.01-2.751-0.054-3.711c-0.044-0.958-0.196-1.612-0.418-2.185c-0.23-0.592-0.538-1.094-1.038-1.594 c-0.5-0.5-1.002-0.808-1.594-1.038c-0.572-0.222-1.227-0.375-2.185-0.418C14.751,3.01,14.444,3,12,3L12,3z M12,7.378 c-2.552,0-4.622,2.069-4.622,4.622S9.448,16.622,12,16.622s4.622-2.069,4.622-4.622S14.552,7.378,12,7.378z M12,15 c-1.657,0-3-1.343-3-3s1.343-3,3-3s3,1.343,3,3S13.657,15,12,15z M16.804,6.116c-0.596,0-1.08,0.484-1.08,1.08 s0.484,1.08,1.08,1.08c0.596,0,1.08-0.484,1.08-1.08S17.401,6.116,16.804,6.116z\"><\/path><\/svg><span class=\"wp-block-social-link-label screen-reader-text\">Instagram<\/span><\/a><\/li>\n\n<li class=\"wp-social-link wp-social-link-tiktok  wp-block-social-link\"><a href=\"https:\/\/www.tiktok.com\/@lamiecynophile?lang=fr\" class=\"wp-block-social-link-anchor\"><svg width=\"24\" height=\"24\" viewBox=\"0 0 32 32\" version=\"1.1\" xmlns=\"http:\/\/www.w3.org\/2000\/svg\" aria-hidden=\"true\" focusable=\"false\"><path d=\"M16.708 0.027c1.745-0.027 3.48-0.011 5.213-0.027 0.105 2.041 0.839 4.12 2.333 5.563 1.491 1.479 3.6 2.156 5.652 2.385v5.369c-1.923-0.063-3.855-0.463-5.6-1.291-0.76-0.344-1.468-0.787-2.161-1.24-0.009 3.896 0.016 7.787-0.025 11.667-0.104 1.864-0.719 3.719-1.803 5.255-1.744 2.557-4.771 4.224-7.88 4.276-1.907 0.109-3.812-0.411-5.437-1.369-2.693-1.588-4.588-4.495-4.864-7.615-0.032-0.667-0.043-1.333-0.016-1.984 0.24-2.537 1.495-4.964 3.443-6.615 2.208-1.923 5.301-2.839 8.197-2.297 0.027 1.975-0.052 3.948-0.052 5.923-1.323-0.428-2.869-0.308-4.025 0.495-0.844 0.547-1.485 1.385-1.819 2.333-0.276 0.676-0.197 1.427-0.181 2.145 0.317 2.188 2.421 4.027 4.667 3.828 1.489-0.016 2.916-0.88 3.692-2.145 0.251-0.443 0.532-0.896 0.547-1.417 0.131-2.385 0.079-4.76 0.095-7.145 0.011-5.375-0.016-10.735 0.025-16.093z\" \/><\/svg><span class=\"wp-block-social-link-label screen-reader-text\">TikTok<\/span><\/a><\/li><\/ul>\n","protected":false},"excerpt":{"rendered":"<p>\u00ab\u00a0Bougez, apprenez, progressez ensemble : l&rsquo;\u00e9ducation et le sport canin pour une relation harmonieuse\u00ab\u00a0 &#8211; L&rsquo;amie cynophile, \u00e9ducateur-comportementaliste canin et coach en sport canin. L&rsquo;\u00e9ducatrice canin qui comprend votre chien ! Educatrice \u00e0 domicile, en ext\u00e9rieur ou sur terrain (au Centre d&rsquo;\u00e9ducation et de Sports Canin de l&rsquo;Amie Cynophile), je me d\u00e9place sur Angers et &hellip; <\/p>\n","protected":false},"author":1,"featured_media":0,"parent":0,"menu_order":0,"comment_status":"closed","ping_status":"closed","template":"","meta":{"footnotes":""},"class_list":["post-9","page","type-page","status-publish","hentry"],"jetpack_sharing_enabled":true,"_links":{"self":[{"href":"https:\/\/lamiecynophile.fr\/index.php?rest_route=\/wp\/v2\/pages\/9","targetHints":{"allow":["GET"]}}],"collection":[{"href":"https:\/\/lamiecynophile.fr\/index.php?rest_route=\/wp\/v2\/pages"}],"about":[{"href":"https:\/\/lamiecynophile.fr\/index.php?rest_route=\/wp\/v2\/types\/page"}],"author":[{"embeddable":true,"href":"https:\/\/lamiecynophile.fr\/index.php?rest_route=\/wp\/v2\/users\/1"}],"replies":[{"embeddable":true,"href":"https:\/\/lamiecynophile.fr\/index.php?rest_route=%2Fwp%2Fv2%2Fcomments&post=9"}],"version-history":[{"count":46,"href":"https:\/\/lamiecynophile.fr\/index.php?rest_route=\/wp\/v2\/pages\/9\/revisions"}],"predecessor-version":[{"id":2639,"href":"https:\/\/lamiecynophile.fr\/index.php?rest_route=\/wp\/v2\/pages\/9\/revisions\/2639"}],"wp:attachment":[{"href":"https:\/\/lamiecynophile.fr\/index.php?rest_route=%2Fwp%2Fv2%2Fmedia&parent=9"}],"curies":[{"name":"wp","href":"https:\/\/api.w.org\/{rel}","templated":true}]}}