{"id":1500,"date":"2024-04-29T21:01:48","date_gmt":"2024-04-29T19:01:48","guid":{"rendered":"https:\/\/lamiecynophile.fr\/?post_type=product&#038;p=1500"},"modified":"2025-07-22T10:34:02","modified_gmt":"2025-07-22T08:34:02","slug":"agility","status":"publish","type":"product","link":"https:\/\/lamiecynophile.fr\/?product=agility","title":{"rendered":"Agility"},"content":{"rendered":"<p>Discipline populaire consistant \u00e0 conduire son chien \u00e0 travers un parcours d&rsquo;obstacles Avant 12 mois votre chien ne pourra travailler sur les obstacles incluant des sauts ou \u00e0-coup sur les \u00e9paules.<\/p>\n<p>Des cours chiots peuvent \u00eatre donn\u00e9s pour d\u00e9marrer votre chiot en respectant sa croissance, en effet beaucoup de chose peuvent \u00eatre apprises avant de travailler sur les sauts qui vous faciliteront le travail et pr\u00e9pareront votre futur champion : &#8211; la conduite &#8211; l&rsquo;autonomie &#8211; la balancoire (adapt\u00e9e aux puppy) &#8211; les tunnels &#8211; travail sur des Puppy Jump (barres au sol) &#8211; initiation au slalom<\/p>\n<p>Prenez un cours ou r\u00e9server le terrain pour vous entra\u00eener seul (uniquement apr\u00e8s obtention du \u00ab\u00a0permis Solo\u00a0\u00bb d\u00e9livr\u00e9 aux licenci\u00e9s ayant obtenus leur Pass Agility ou apr\u00e8s des s\u00e9ances parfois une seule pour vous autoriser \u00e0 vous entra\u00eener seul)<\/p>\n<p>&nbsp;<\/p>\n<p><strong>R\u00e9servation :\u00a0<\/strong><\/p>\n<p>Nombre de personne \u00ab\u00a0Personne\u00a0\u00bb = Nombre de chien<\/p>\n<p>Pensez \u00e0 m&rsquo;indiquer votre niveau ou vos besoins lors de votre r\u00e9servation !<\/p>\n<p>Un confirmation vous sera envoy\u00e9e par mail ou SMS dans les heures suivant votre r\u00e9servation.<\/p>\n<p>En r\u00e9servant un cours vous engagez \u00e0 respecter les termes du r\u00e8glement du Centre.<\/p>\n<p>&nbsp;<\/p>\n<p><strong><u>R\u00e8glement int\u00e9rieur<\/u><\/strong><\/p>\n<p>&nbsp;<\/p>\n<p><u>Responsabilit\u00e9\u00a0: <\/u><\/p>\n<p>Lors de la fr\u00e9quentation du centre votre chien est plac\u00e9 sous votre enti\u00e8re responsabilit\u00e9.<\/p>\n<p>Toute d\u00e9gradation du mat\u00e9riel, des terrains, des cl\u00f4tures peut faire l\u2019objet d\u2019une facturation.<\/p>\n<p>Vous \u00eates \u00e9galement totalement responsable de l\u2019int\u00e9grit\u00e9 physique et morale de votre chien. Il est de votre responsabilit\u00e9 de veiller \u00e0 son \u00e9chauffement, \u00e0 respecter les hauteurs d\u2019obstacles recommand\u00e9es ainsi que de veiller \u00e0 r\u00e9aliser un entrainement d\u2019une dur\u00e9e et d\u2019une intensit\u00e9 respectueuse.<\/p>\n<p>Vous devez \u00e9galement veiller \u00e0 ce que votre chien ne g\u00eane pas les autres utilisateurs, en ne le laissant pas aller au contact des humains et chiens sans l\u2019accord de ceux-ci.<\/p>\n<p>&nbsp;<\/p>\n<p><u>Horaires\u00a0:<\/u><\/p>\n<p>Les horaires de r\u00e9servation doivent \u00eatre respect\u00e9s\u00a0;<\/p>\n<p>Les espaces doivent \u00eatre lib\u00e9r\u00e9s \u00e0 l\u2019heure pr\u00e9cise, tout d\u00e9passement peut faire l\u2019objet d\u2019une facturation de 5 \u20ac par 5 min de d\u00e9passement\u00a0;<\/p>\n<p>Un retard d\u2019arriv\u00e9e ne pourra en aucun cas faire l\u2019objet d\u2019un remboursement total ou partiel ni d\u00e9caler la lib\u00e9ration des espaces.<\/p>\n<p>&nbsp;<\/p>\n<p><u>Acc\u00e8s au centre\u00a0: <\/u><\/p>\n<p>Le stationnement doit se faire sur les places de parking en amont du chemin en terre, le centre se d\u00e9gage de toute responsabilit\u00e9 en cas d\u2019amende en cas de stationnement en dehors des places.<\/p>\n<p>Aux abords du centre et dans le centre votre chien doit \u00eatre tenu en laisse.<\/p>\n<p>&nbsp;<\/p>\n<p><u>Club House\u00a0: <\/u><\/p>\n<p>L\u2019acc\u00e8s au club house est autoris\u00e9 \u00e0 votre chien si\u00a0:<\/p>\n<ul>\n<li>Il est tenu en laisse<\/li>\n<li>Il est propre<\/li>\n<li>Il est non destructeur<\/li>\n<li>Il est sociable<\/li>\n<li>Il ne devra pas aller voir les autres chiens pr\u00e9sents sans autorisation des propri\u00e9taires (m\u00eame s\u2019il est tr\u00e8s gentil)<\/li>\n<\/ul>\n<p>&nbsp;<\/p>\n<p><u>Incivilit\u00e9s\u00a0: <\/u><\/p>\n<p>Toute incivilit\u00e9 au personnel du centre, aux autres utilisateurs, aux autres chiens ou \u00e0 votre propre chien peut entrainer un bannissement du centre voir des poursuites.<\/p>\n<p>&nbsp;<\/p>\n<p><u>Propret\u00e9\u00a0: <\/u><\/p>\n<p>Vos chiens ne doivent ni uriner, ni d\u00e9f\u00e9quer sur les zones d\u2019entrainement. Merci de les emmener faire leurs besoins \u00e0 l\u2019ext\u00e9rieur avant l\u2019entrainement.<\/p>\n<p>En cas d\u2019accident, les d\u00e9jections doivent \u00eatre ramass\u00e9e et jet\u00e9 dans les poubelles pr\u00e9vues et les urines et traces de d\u00e9jection doivent \u00eatre rinc\u00e9es \u00e0 l\u2019eau vinaigr\u00e9e mise \u00e0 disposition.<\/p>\n<p>&nbsp;<\/p>\n<p><u>Trous\u00a0: <\/u><\/p>\n<p>Pour \u00e9viter la d\u00e9t\u00e9rioration et les risques de blessure il est interdit de laisser vos chiens creuser dans le centre. Tout trou creus\u00e9 par votre chien devra \u00eatre d\u00e9dommag\u00e9 \u00e0 hauteur de 2 euros le trou \ud83d\ude09<\/p>\n<p>&nbsp;<\/p>\n<p>&nbsp;<\/p>\n<p><strong><u>R\u00e8glement utilisation terrain d\u2019entrainement sans coach\u00a0:<\/u><\/strong><\/p>\n<p>&nbsp;<\/p>\n<p>1\u00a0: Pour une utilisation du mat\u00e9riel sans coach vous sera demand\u00e9e\u00a0la pr\u00e9sentation du badge \u00ab\u00a0permis solo\u00a0\u00bb.<\/p>\n<p>&nbsp;<\/p>\n<p>2\u00a0: Le badge \u00ab\u00a0permis solo\u00a0\u00bb s\u2019obtient :<\/p>\n<p><img loading=\"lazy\" decoding=\"async\" class=\"wp-image-1520 aligncenter\" src=\"https:\/\/lamiecynophile.fr\/wp-content\/uploads\/2024\/04\/437729484_1523649244860317_6933806463701603353_n-300x300.jpg\" alt=\"\" width=\"146\" height=\"146\" srcset=\"https:\/\/lamiecynophile.fr\/wp-content\/uploads\/2024\/04\/437729484_1523649244860317_6933806463701603353_n-300x300.jpg 300w, https:\/\/lamiecynophile.fr\/wp-content\/uploads\/2024\/04\/437729484_1523649244860317_6933806463701603353_n-150x150.jpg 150w, https:\/\/lamiecynophile.fr\/wp-content\/uploads\/2024\/04\/437729484_1523649244860317_6933806463701603353_n-60x60.jpg 60w, https:\/\/lamiecynophile.fr\/wp-content\/uploads\/2024\/04\/437729484_1523649244860317_6933806463701603353_n-100x100.jpg 100w, https:\/\/lamiecynophile.fr\/wp-content\/uploads\/2024\/04\/437729484_1523649244860317_6933806463701603353_n.jpg 428w\" sizes=\"auto, (max-width: 146px) 100vw, 146px\" \/><\/p>\n<ul>\n<li>Soit la pr\u00e9sentation du PASS agility<\/li>\n<li>Soit d\u2019avoir suivi un ou des cours avec coach au centre pour valider les m\u00e9thodes d\u2019apprentissage des diff\u00e9rents agr\u00e9s<\/li>\n<\/ul>\n<p>&nbsp;<\/p>\n<p>3\u00a0: Le \u00ab\u00a0permis solo\u00a0\u00bb a pour but d\u2019assurer la sant\u00e9 physique et moral de votre chien ou encore \u00e0 sa motivation pour continuer dans cette discipline avec un apprentissage correcte des agr\u00e9es cit\u00e9s ci-dessus.<\/p>\n<p>&nbsp;<\/p>\n<p>3\u00a0: En cas d\u2019utilisation jug\u00e9e dangereuse du terrain d\u2019agility, de hoopers ou du mat\u00e9riel mis \u00e0 disposition, l\u2019\u00e9vacuation du terrain peut \u00eatre exig\u00e9e.<\/p>\n<p>&nbsp;<\/p>\n<p>4\u00a0: Sur le terrain d\u2019agility les hauteurs de haies, du mur, du pneu doivent \u00eatre adapt\u00e9es \u00e0 votre chien, un panneau est affich\u00e9 pour vous aiguiller.<\/p>\n<p>&nbsp;<\/p>\n<p>5\u00a0: Vous \u00eates responsable de l\u2019\u00e9chauffement de votre chien.<\/p>\n<p>&nbsp;<\/p>\n<p>6\u00a0: Vous \u00eates responsable de l\u2019int\u00e9grit\u00e9 physique et moral de votre chien ainsi que des d\u00e9gradations qu\u2019il peut avoir caus\u00e9 sur les agr\u00e9es.<\/p>\n<p>&nbsp;<\/p>\n<p>7\u00a0\u00a0: Louer les terrains d\u2019entrainement\u00a0 en solo vous engage \u00e0 accepter les termes de ce r\u00e8glement.<\/p>\n","protected":false},"excerpt":{"rendered":"<p>Bien lire la description avant de r\u00e9server !<\/p>\n","protected":false},"featured_media":1458,"template":"","meta":[],"product_brand":[],"product_cat":[17],"product_tag":[],"class_list":{"0":"post-1500","1":"product","2":"type-product","3":"status-publish","4":"has-post-thumbnail","6":"product_cat-uncategorized","8":"first","9":"instock","10":"virtual","11":"sold-individually","12":"purchasable","13":"product-type-booking"},"jetpack_sharing_enabled":true,"_links":{"self":[{"href":"https:\/\/lamiecynophile.fr\/index.php?rest_route=\/wp\/v2\/product\/1500","targetHints":{"allow":["GET"]}}],"collection":[{"href":"https:\/\/lamiecynophile.fr\/index.php?rest_route=\/wp\/v2\/product"}],"about":[{"href":"https:\/\/lamiecynophile.fr\/index.php?rest_route=\/wp\/v2\/types\/product"}],"wp:featuredmedia":[{"embeddable":true,"href":"https:\/\/lamiecynophile.fr\/index.php?rest_route=\/wp\/v2\/media\/1458"}],"wp:attachment":[{"href":"https:\/\/lamiecynophile.fr\/index.php?rest_route=%2Fwp%2Fv2%2Fmedia&parent=1500"}],"wp:term":[{"taxonomy":"product_brand","embeddable":true,"href":"https:\/\/lamiecynophile.fr\/index.php?rest_route=%2Fwp%2Fv2%2Fproduct_brand&post=1500"},{"taxonomy":"product_cat","embeddable":true,"href":"https:\/\/lamiecynophile.fr\/index.php?rest_route=%2Fwp%2Fv2%2Fproduct_cat&post=1500"},{"taxonomy":"product_tag","embeddable":true,"href":"https:\/\/lamiecynophile.fr\/index.php?rest_route=%2Fwp%2Fv2%2Fproduct_tag&post=1500"}],"curies":[{"name":"wp","href":"https:\/\/api.w.org\/{rel}","templated":true}]}}